{"id":2,"date":"2012-11-06T16:51:36","date_gmt":"2012-11-06T16:51:36","guid":{"rendered":"http:\/\/norainiesta.com\/?page_id=2"},"modified":"2025-11-13T15:47:46","modified_gmt":"2025-11-13T15:47:46","slug":"sample-page","status":"publish","type":"page","link":"https:\/\/norainiesta.com\/?page_id=2","title":{"rendered":"CV Coloquial"},"content":{"rendered":"<p><img loading=\"lazy\" class=\"alignnone size-full wp-image-765\" title=\"nora\" src=\"http:\/\/norainiesta.com\/wp-content\/uploads\/2012\/05\/nora.jpg\" alt=\"\" width=\"785\" height=\"300\" srcset=\"https:\/\/norainiesta.com\/wp-content\/uploads\/2012\/05\/nora.jpg 785w, https:\/\/norainiesta.com\/wp-content\/uploads\/2012\/05\/nora-305x116.jpg 305w\" sizes=\"(max-width: 785px) 100vw, 785px\" \/><\/p>\n<p style=\"text-align: justify;\"><strong>NORA INIESTA<\/strong><br \/><em>(Buenos Aires 1950)<\/em><\/p>\n<p><a href=\"https:\/\/docs.google.com\/document\/d\/1pSrR2E3hSUkEPIZvu4sXk5TYAJsY4dOV\/edit\">Ver CV Entero<\/a> \/\u00a0<a href=\"https:\/\/docs.google.com\/document\/d\/1nMQ_bakFk6cL-Y0Jtw5mQHqcOnurGik7\/edit?usp=sharing&amp;ouid=103504218134436294531&amp;rtpof=true&amp;sd=true\">Descargar CV Entero<\/a> \/ <a href=\"https:\/\/docs.google.com\/document\/d\/1Cg3f7cjfQymKOCZBkYvMbMqye9IC-qoj\/edit?usp=sharing&amp;ouid=103504218134436294531&amp;rtpof=true&amp;sd=true\">Download English version<\/a><\/p>\n<p>\u00a0<\/p>\n<p><strong>\u00a0Artista argentina contempor\u00e1nea cuya tem\u00e1tica reside en la representaci\u00f3n pl\u00e1stica de una iconograf\u00eda ligada siempre a un solo lugar de pertenencia: la patria. \u00a0El mundo vivido en su infancia, la escuela, los actos escolares, los pr\u00f3ceres de papel, la historia, la bandera, los delantales blancos, el lenguaje escrito, quedar\u00e1n para siempre en su memoria. Registro de ello, la utilizaci\u00f3n del papel collage como t\u00e9cnica en sus obras.<\/strong><\/p>\n<p><strong>Iniesta se expresa a trav\u00e9s de materiales simples, elementos de uso cotidiano son utilizados y revalorizados en sus obras. Vinculada al dise\u00f1o gr\u00e1fico, la objet\u00edstica, la moda y la comunicaci\u00f3n, interviene con sus obras espacios urbanos, comerciales y dom\u00e9sticos. Expuso en muestras individuales y colectivas en Argentina y en el exterior. Particip\u00f3 en Bienales y en prestigiosos Premios de Arte. \u00a0Realiza sus estudios art\u00edsticos en la Escuela Nacional de Bellas Artes Manuel Belgrano y en la Escuela Nacional de Artes Visuales Prilidiano Pueyrred\u00f3n, Buenos Aires, Argentina. Se especializa en t\u00e9cnicas de grabado en la Slade School of\u00a0 Fine Arts, University Collage London. Inglaterra.<\/strong><\/p>\n<p><strong>En los a\u00f1os 1975\/76 realiza viajes de estudios al exterior, visitando diversos pa\u00edses de Europa. En el a\u00f1o 1980 con la obtenci\u00f3n en Buenos Aires del Premio Georges Braque, es becada por el Gobierno Franc\u00e9s y reside en Francia hasta 1983, a\u00f1o en que regresa a la Argentina. Ese mismo a\u00f1o 1980 es elegida para representar a la Argentina en la XI Bienal de J\u00f3venes llevada a cabo en el Museo de Arte Moderno de la Ville, Par\u00eds, Francia. Incluida ella en una selecci\u00f3n de artistas de esta XI Bienal, muestra ese env\u00edo con posterioridad en la Galer\u00eda Nacional de Arte Moderno, Fundaci\u00f3n C. Gulbekian, Lisboa, Portugal, y en el Sara Hilden Art Museum, Tampere, Finlandia. Desde entonces viaja peri\u00f3dicamente a Estados Unidos, Am\u00e9rica Latina\u00a0\u00a0 Europa y Oriente, a fin de estar actualizada en Materia Art\u00edstica, Dise\u00f1o, Imagen y Moda. En 1989, representa a la Argentina en la 3ra Bienal de la Habana, Cuba. En el a\u00f1o 1992 es distinguida por la Fundaci\u00f3n Konex con el Diploma al M\u00e9rito, disciplina Nuevas Propuestas, Artes Visuales, conjuntamente con los artistas Nora Dobarro, V\u00edctor Grippo y Marta Minujin. En el a\u00f1o 2001, vuelve a representar a la Argentina en la III Bienal de Artes Visuales del Mercosur, Porto Alegre, Brasil. Este mismo a\u00f1o realiza una muestra retrospectiva, titulada Pasaje, en el Museo Nacional de Bellas Artes, Buenos Aires, Argentina. En el a\u00f1o 2002 viaja a Corea invitada por la Asociaci\u00f3n de Artistas Siglo 21, en conmemoraci\u00f3n del Flag Art Festival. El mismo a\u00f1o es seleccionada por el cr\u00edtico franc\u00e9s Pierre Restany para participar en la versi\u00f3n Open 2002, Imaginario Femenino llevada a cabo durante el Festival de Cine de Venecia, Italia, con la participaci\u00f3n de cuarenta y tres artistas mujeres de todo el mundo, instalaciones y esculturas expuestas al aire libre en el Lido, Italia. Canciller\u00eda Argentina, cap\u00edtulo Mujer le encarga el armado est\u00e9tico y visual in situ, de su stand, como artista pl\u00e1stica argentina para el encuentro de mujeres Hispano-Americanas realizado en Almer\u00eda, Sevilla, Espa\u00f1a. En el a\u00f1o 2004 recibe del Honorable Senado de la Naci\u00f3n Argentina, el diploma de honor por su aporte a la cultura; obtiene la beca del Programa Internacional de Intercambio de Artistas, T\u00e9cnicos y Profesionales de la Cultura, Direcci\u00f3n Nacional de Pol\u00edtica Cultural y Cooperaci\u00f3n Internacional, Secretar\u00eda de Cultura de la Naci\u00f3n, Casa de Artistas de Samaipata, (Fundaci\u00f3n Puerta Abierta),\u00a0 Santa Cruz de la Sierra, Bolivia. Este mismo a\u00f1o participa como artista invitada por Argentina de la Bienal de Arte Contempor\u00e1neo II CONART 2004, llevada a cabo en la ciudad de Cochabamba, Bolivia. En el a\u00f1o 2005 es una de las artistas invitadas a tomar parte de la muestra de arte contempor\u00e1neo: Cien artistas para un Museo 2005, organizado por la Municipalidad de Casoria y la Asociaci\u00f3n del Centro de Arte Contempor\u00e1neo Internacional de N\u00e1poli, en el Museo de Arte Contempor\u00e1neo Internacional de Casoria, Italia. En el a\u00f1o 2006 es invitada por el Yu Shun Art Museum y la Harbin Normal University, a participar del China Harbin Internacional Art Forum 2006, Harbin, China. En el a\u00f1o 2009 viaja a Corea nuevamente invitada por the World Culture Artists Association, Inc. (WCAA), en el marco del 17th Seoul Internacional Art Festival para exponer sus obras en el Chosunilbo Museum de la ciudad de Seoul, Corea, participando adem\u00e1s del coloquio que, de modo simult\u00e1neo se llev\u00f3 a cabo en la sede del mismo. Ese mismo a\u00f1o, Iniesta publica sus libros Sue\u00f1os I y II, Los n\u00fameros de la suerte, edici\u00f3n de la autora, Buenos Aires, Argentina. Convocada por el Ministerio de Cultura de la ciudad de Buenos Aires dise\u00f1a el vestuario y la caracterizaci\u00f3n, peinado y maquillaje del espect\u00e1culo Ajedrez viviente de Tango, Parque Lezama, Buenos Aires, Argentina. <\/strong><strong>En el a\u00f1o 2010 viaja a Par\u00eds, invitada por l\u2019Observatoire de l\u2019Argentine Contemporaine a dar una conferencia en el marco de la Conmemoraci\u00f3n del Bicentenario del Primer Gobierno Patrio, sobre la Pintura Argentina en el proceso de la Independencia y su desarrollo desde 1810 al hoy, Maison de l\u2019Amerique Latine, Par\u00eds, Francia. Tambi\u00e9n y por esta misma Conmemoraci\u00f3n es emplazada su obra Bandera Argentina, la uni\u00f3n y la reuni\u00f3n de todos los argentinos, realizada \u00edntegramente en RASTI, en el Aeropuerto Internacional de Ezeiza Ministro Pistarini, Buenos Aires, Argentina. Este mismo a\u00f1o 2010 participa de la 17\u00ba Bienal de Santa Cruz de la Sierra, Bolivia, en el marco del Bicentenario de este pa\u00eds. Del mismo modo es invitada a participar del Open 2010, en su versi\u00f3n n\u00famero XIII, instalaciones y esculturas expuestas al aire libre en el Lido, llevada a cabo durante el festival de Cine de Venecia, Italia. En el a\u00f1o 2011, Patricia Rizzo editora es quien publica su libro CURIOCIUDADES, La Patria Encontrada, Buenos Aires, Argentina. En Febrero de 2012 en conmemoraci\u00f3n del Bicentenario de la creaci\u00f3n de la Bandera Nacional, (1812 \u2013 2012), presenta Azul Celeste e Branco, (A Patria Encontrada), en la Sala de Exposiciones de la Embajada Argentina ante la Rep\u00fablica Federativa del Brasil, Brasilia, inaugurando la misma. Viaja luego a Portofino, a inaugurar su escultura Colibr\u00ed en el Museo del Parco, Centro Internazionale di Scultura all aperto di Portofino, Portofino, Italia, la que es incorporada a su colecci\u00f3n. En Buenos Aires, este mismo a\u00f1o 2012 en el mes de Mayo, presenta su libro Evita, la dama de la esperanza, Del Nuevo Extremo Grupo Editorial, en el que se rese\u00f1a toda su obra tem\u00e1tica realizada en los \u00faltimos a\u00f1os, y con posteridad, el d\u00eda 6 de Septiembre se presenta en Par\u00eds, Francia, en la Embajada Argentina. Nuevamente es invitada a participar del Open 2012, en su versi\u00f3n n\u00famero XV, instalaciones y esculturas expuestas al aire libre en el Lido, llevada a cabo durante el festival de Cine de Venecia, Italia. En el a\u00f1o 2013 es declarada Ciudadana Ilustre por su aporte a la cultura por la Legislatura de la Ciudad de Buenos Aires;\u00a0 es invitada a participar por el Consorcio Cavatori Valmalenco de la edici\u00f3n 2013 de \u201cI Giorni Della Pietra\u201d, una escultura a gran escala de su autor\u00eda quedar\u00e1 instalada en la v\u00eda p\u00fablica, un gran libro de m\u00e1rmol con la leyenda en tapa Justicia Social y firmado Evita, 26 al 28 de Julio, ciudad de Chiesa in Valmalenco, provincia de Sondrio, regi\u00f3n de la Lombard\u00eda, Italia. En el mes de Octubre viaja a Par\u00eds inaugurando su muestra La Patria Encontrada en la Galerie Argentine, perteneciente a la Embajada Argentina en Francia. Posteriormente con T\u00fanez como destino presenta all\u00ed su exposici\u00f3n Bleu Ciel et Blanc, en la Galerie Municipal H\u00e9di Turki, Sidi Bou Sa\u00efd. <\/strong><strong>El a\u00f1o 2014, invitada por the World Culture Artists Association,<\/strong> <strong>Inc. <\/strong><strong>(WCAA),<\/strong><strong> la lleva por tercera vez a Corea a participar del 18th Seoul Internacional Art Festival para exponer sus obras en el Chosunilbo Museum de la ciudad de Seoul y participar del 18th Art Forum, en el mismo Museo. Patricia Pellegrini editora publica este mismo a\u00f1o el libro Am\u00edlcar y Nora Iniesta, Buenos Aires, Argentina. En el a\u00f1o 2015 es invitada en representaci\u00f3n de la Argentina por el Corea Image Communication Institute (CICI) Corea, a participar del 6th Culture Comunication Forum 2015 (CCF), 31 de Agosto al 2 de Setiembre, en la ciudad de Seoul Corea; simult\u00e1neamente con el t\u00edtulo de La Ni\u00f1a Argentina, lleva a cabo una exposici\u00f3n de sus obras en la Embajada Argentina en dicha ciudad. Posteriormente, el 2 de diciembre de este mismo a\u00f1o, inaugura una nueva exposici\u00f3n individual de obras de su autor\u00eda en la Biblioteca Nacional de Rabat, Capital de Marruecos. Este mismo a\u00f1o, publica con edici\u00f3n de la autora Buenos Aires en Blanco y Celeste otra geograf\u00eda, y en simultaneidad Wolkowicz Editores publica el libro Nora Iniesta, Buenos Aires, Argentina. En el a\u00f1o 2016 en Conmemoraci\u00f3n del Bicentenario de la Independencia Argentina instala su obra En V\u00edsperas del Bicentenario, una aleg\u00f3rica Casa Hist\u00f3rica de Tucum\u00e1n, en el Aeropuerto Internacional Teniente Benjam\u00edn Matienzo de esta ciudad, obra realizada \u00edntegramente en RASTI. En Setiembre de este mismo a\u00f1o auspiciada por la Embajada Argentina en Kiev, es invitada a exponer su muestra Bicentenario en Kiev en la Casa Argentina de esta ciudad, Capital de Ucrania, donde adem\u00e1s presenta sus libros Buenos Aires en blanco y celeste, otra geograf\u00eda y Nora Iniesta en la Kyiv National University of Technologies and Design y en el Kiev Institute of Applied and Decorative Arts and Design M. Boychuk, y participa de un encuentro con Olexandr Shliajtenko\u00a0 Vicedecano de Relaciones P\u00fablicas de Filolog\u00eda Hisp\u00e1nica de la Universidad Ling\u00fc\u00edstica de Kyiv perteneciente al Ministerio de Educaci\u00f3n y Ciencia de Ucrania\u00a0 y alumnos en el marco de su exposici\u00f3n, Kiev, Ucrania. En el a\u00f1o 2017 auspiciada por la Embajada Argentina en Rep\u00fablica Dominicana, lleva a cabo una exposici\u00f3n individual titulada Ni\u00f1o Argentino en el Centro Cultural Banreservas, Zona Colonial, Santo Domingo, Capital de dicho pa\u00eds. Tambi\u00e9n publica Iniesta el segundo y tercer tomo de Buenos Aires en Blanco y Celeste, otra geograf\u00eda, y en simultaneidad el libro 1816 Bicentenario 2016, a 200 a\u00f1os del Congreso de Tucum\u00e1n, todos edici\u00f3n de la autora, Buenos Aires, Argentina. En el a\u00f1o 2018 expone en la Embajada Argentina en Per\u00fa conmemorando la Revoluci\u00f3n de Mayo, su muestra En Azul y Blanco, ciudad de Lima, Capital de Per\u00fa. Este mismo a\u00f1o es invitada a participar del Per\u00fa International Art Festival 2018, exponiendo en la Casa de la Identidad del Gobierno Regional de la Libertad Jr. Almagro, Trujillo, y en el Museo Reducto 2 Miraflores, Lima, Per\u00fa. Este mismo a\u00f1o en el mes de noviembre, Ronda Editorial publica su primera edici\u00f3n del libro Iniesta para pintar, editando una segunda en junio 2019, Buenos Aires, Argentina. En marzo del a\u00f1o 2019, gracias a una iniciativa de la Fundaci\u00f3n Williams un mural en mosaico veneciano cuya imagen representa la Bandera Argentina, La m\u00e1s linda, su t\u00edtulo; es colocado en la localidad de Malarg\u00fce, Mendoza, plena Cordillera de los Andes. Este mismo a\u00f1o es invitada a participar por la Cetys University, de la muestra Sinergia, First International Exhibition of Painting and Meeting of Artists, Tijuana, Ensenada, Tecate and Mexicali, Baja California, M\u00e9xico. Posteriormente, el 28 de junio del mismo a\u00f1o, inaugura una muestra retrospectiva en el MACSUR, Museo de Arte Contempor\u00e1neo del Sur, Lan\u00fas, Buenos Aires, Argentina. Setiembre la encuentra en Par\u00eds donde presenta su libro Iniesta para pintar; Maison de l\u2019Argentine, Cite Internationale Universitaire el d\u00eda 21, d\u00eda en que se celebra el Patrimonio Europeo; Par\u00eds, Francia. Lo mismo se replica luego en Varsovia, Polonia, el 1\u00ba de Octubre en la Delfiny Gallery, conjuntamente con la celebraci\u00f3n de su exposici\u00f3n Los colores de la Patria, Polonia Palace Hotel, Varsovia, ambas acciones realizadas en el marco de la semana de la Cultura Argentina por la Embajada Argentina en Polonia. Ya en Buenos Aires, el 17 de Octubre inaugura una nueva versi\u00f3n de La m\u00e1s linda, mural en mosaico veneciano en el hall central del Municipio de Tres de Febrero, Buenos Aires, Argentina. En el mes de noviembre, los d\u00edas 13 y 14, dicta un taller de t\u00e9cnicas de papel collage en la Cetys University, campus Mexicali, Mexicali, baja California, M\u00e9xico. Con edici\u00f3n de la artista su libro Nora Iniesta Collages 1980-2020, se edita en Buenos Aires en marzo 2020. En Octubre del mismo a\u00f1o, una obra de su autor\u00eda se incorpora al acervo de la<\/strong> <strong>Escuela N\u00ba 1 General Jos\u00e9 de San Mart\u00edn, SIERPC, Polonia, gracias a la gesti\u00f3n de la Embajada Argentina en dicho pa\u00eds. <\/strong><strong>El mismo mes, participa invitada por the <\/strong><strong>World Culture Artists Association, Inc. (WCAA), and management of the International Creative Artists Association (ICAA) in the Republic of Korea a participar del International Art Festival, <\/strong><strong>Jump over en <\/strong><strong>Museum H y Seojong Tower Gallery, Seoul, Corea. <\/strong><strong>En simultaneidad participa de la exposici\u00f3n Argentina vista por Mujeres Artistas, auspiciada por la Embajada Argentina en Ucrania conjuntamente con la Agencia de Noticias Ukrinform y la Asociaci\u00f3n Marianne Argentina, en la sede de la agencia de noticias Ukrinform, Kiev, Ucrania. Este mismo a\u00f1o, 2020, es declarada Personalidad destacada de la Provincia de Buenos Aires por el Senado y la C\u00e1mara de Diputados. En el a\u00f1o 2021 participa de las Jornadas Argentinas organizada por la Embajada Argentina en Polonia, llevadas a cabo en la Universidad Cat\u00f3lica Juan Pablo II, Lublin, Polonia. As\u00ed tambi\u00e9n, de la 28e edition au Carrousel du Louvre, Artes Reales Fine Arts, Par\u00eds, Francia, y de la exposici\u00f3n Tierra en tr\u00e1nsito, inspiraci\u00f3n y ra\u00edces, auspiciada por la Embajada Argentina en Ucrania conjuntamente con la Agencia de Noticias Ukrinform y la Asociaci\u00f3n Marianne Argentina, en la sede de la agencia de noticias Ukrinform, Kiev, Ucrania. En Buenos Aires en diciembre del mismo a\u00f1o inaugura su muestra individual Abanderada, en el Museo del Bicentenario, Casa de Gobierno, siendo la primera artista contempor\u00e1nea en llevar a cabo una exposici\u00f3n en dicho museo. Inicia el a\u00f1o 2022 con su muestra Itinerarios, obras 1980-2022, Museo Provincial de Bellas Artes Emilio Caraffa de la ciudad de C\u00f3rdoba, Argentina. En el mes de mayo con propia edici\u00f3n, publica su libro Cuarentena, la fragmentaci\u00f3n de la imagen, en el que rese\u00f1a una s\u00edntesis de lo llevado a cabo en Pandemia. El mismo luego presentado en el Museo Nacional de Bellas Artes MNBA, Buenos Aires.<\/strong><strong> Este mismo a\u00f1o 2022, en el mes de noviembre, es invitada a participar por la Cetys University de la muestra Sinerg\u00eda, Painting and Meeting of Artists, Mexicali, Baja California, M\u00e9xico.<\/strong><strong> Tambi\u00e9n es invitada por Imaginarte Espacio Cultural con el auspicio de la Embajada Argentina en Per\u00fa a dictar una conferencia: Semblanza de una trayectoria, Sala de conferencias del CCPUCP, Centro Cultural Pontificia Universidad Cat\u00f3lica Per\u00fa, 21 de noviembre, San Isidro, Lima, Per\u00fa; y de igual modo con mismo t\u00edtulo y ponencia en la Casa de la Identidad de Trujillo, 25 de noviembre, Trujillo, Per\u00fa, donde tambi\u00e9n participa\u00a0 de la apertura del VI Sal\u00f3n de Artes Visuales de Trujillo, Casa de la Identidad de Trujillo, 25 de noviembre, Trujillo, Per\u00fa. La Fundaci\u00f3n Margarita, Imaginarte Espacio Cultural, Smile Train, Club de Leones de Trujillo y Cl\u00ednica Zegarra la invitan a dictar un taller para<\/strong> <strong>ni\u00f1os con su libro Iniesta para pintar, coordinaci\u00f3n Antonio Zegarra; Cl\u00ednica Zegarra, 26 de noviembre, Trujillo, Per\u00fa. En el a\u00f1o 2023 viaja a Punta Arenas, Chile, para inaugurar el 25 de mayo su muestra Celeste Blanco Celeste en el Consulado Argentino de esta ciudad, conmemorando de este modo la fecha patria. En conmemoraci\u00f3n a los 40 a\u00f1os del retorno de la democracia en Argentina, inaugura y expone su obra ARGENTINA, hecha totalmente en ladrillos RASTI, en el Museo del Bicentenario, Casa de Gobierno, Buenos Aires.\u00a0 Gracias al financiamiento y apoyo de la Fundaci\u00f3n Williams la obra es donada a dicho Museo, pasando a formar parte de su acervo. En simultaneidad instala e inaugura un mural en mosaico venecita en el Teatro Argentino de la Plata, cuya tem\u00e1tica es tambi\u00e9n recordar y conmemorar los 40 a\u00f1os de democracia ininterrumpida en Argentina; La Plata, Buenos Aires. <\/strong><\/p>\n<p><strong>En el a\u00f1o 2024, el 20 de junio, conmemorando el d\u00eda de la Bandera se instala con el apoyo de Fundaci\u00f3n Proa, una nueva y diferente versi\u00f3n del mural en mosaico veneciano de su autor\u00eda, La m\u00e1s linda, <\/strong><strong>imagen que representa la Bandera Argentina, estaci\u00f3n Belgrano l\u00ednea E, subterr\u00e1neos, Buenos Aires. Posteriormente, el 12 de julio de este mismo a\u00f1o inaugura su muestra individual titulada Panorama, Museo Nacional de Bellas Artes MNBA, sede Neuqu\u00e9n, Neuqu\u00e9n Capital. En el a\u00f1o 2025, invitada por la fundaci\u00f3n Mission Zero Hunger a visitar la India, lleva a cabo una exposici\u00f3n en Amoha Gallery, Nueva Delhi, India. <\/strong><strong>En el mes de abril, con propia edici\u00f3n, publica su libro Buenos Aires Color, luego presentado en el Museo Nacional de Bellas Artes MNBA, Buenos Aires. <\/strong><strong>Convocada por el Teatro Col\u00f3n realiza una obra gr\u00e1fica para la \u00f3pera I Puritani, la cual es tapa de programa de la misma, septiembre, Buenos Aires. Del 5 al 28 de septiembre, con el auspicio de la Embajada Argentina en Indonesia es la \u00fanica artista en representaci\u00f3n de la Argentina en formar parte de la exposici\u00f3n Tierra Viva, Cultures and Colors of Latin America, curada por Ayos Purwoaji, en la cual participan Argentina, Colombia, Ecuador, Guatemala, M\u00e9xico, Panam\u00e1, Per\u00fa y Uruguay, Galeri Nasional Indonesia, Yakarta, Indonesia. <\/strong><\/p>\n<p><strong>\u00a0<\/strong><\/p>\n\n\n<p><\/p>\n","protected":false},"excerpt":{"rendered":"<p> [&hellip;]<\/p>\n","protected":false},"author":1,"featured_media":0,"parent":0,"menu_order":0,"comment_status":"open","ping_status":"open","template":"","meta":[],"_links":{"self":[{"href":"https:\/\/norainiesta.com\/index.php?rest_route=\/wp\/v2\/pages\/2"}],"collection":[{"href":"https:\/\/norainiesta.com\/index.php?rest_route=\/wp\/v2\/pages"}],"about":[{"href":"https:\/\/norainiesta.com\/index.php?rest_route=\/wp\/v2\/types\/page"}],"author":[{"embeddable":true,"href":"https:\/\/norainiesta.com\/index.php?rest_route=\/wp\/v2\/users\/1"}],"replies":[{"embeddable":true,"href":"https:\/\/norainiesta.com\/index.php?rest_route=%2Fwp%2Fv2%2Fcomments&post=2"}],"version-history":[{"count":191,"href":"https:\/\/norainiesta.com\/index.php?rest_route=\/wp\/v2\/pages\/2\/revisions"}],"predecessor-version":[{"id":7358,"href":"https:\/\/norainiesta.com\/index.php?rest_route=\/wp\/v2\/pages\/2\/revisions\/7358"}],"wp:attachment":[{"href":"https:\/\/norainiesta.com\/index.php?rest_route=%2Fwp%2Fv2%2Fmedia&parent=2"}],"curies":[{"name":"wp","href":"https:\/\/api.w.org\/{rel}","templated":true}]}}